{"id":58,"date":"2014-10-15T08:46:37","date_gmt":"2014-10-15T07:46:37","guid":{"rendered":"http:\/\/www.unsa-nantesmetropole.org\/?page_id=58"},"modified":"2021-09-28T10:42:57","modified_gmt":"2021-09-28T09:42:57","slug":"instances","status":"publish","type":"page","link":"http:\/\/unsa-nantesmetropole.org\/?page_id=58","title":{"rendered":"Elections 2018 Ville de Nantes et Nantes M\u00e9tropole"},"content":{"rendered":"\n<h2 class=\"wp-block-heading\"><strong><figure><a href=\"http:\/\/www.unsa-nantesmetropole.org\/wp-content\/uploads\/2014\/11\/image1.jpg\"><img loading=\"lazy\" decoding=\"async\" class=\"alignleft wp-image-208 size-thumbnail\" src=\"http:\/\/www.unsa-nantesmetropole.org\/wp-content\/uploads\/2014\/11\/image1-150x150.jpg\" alt=\"Logo Unsa certifi\u00e9 efficace autonome responsable\" width=\"150\" height=\"150\" srcset=\"http:\/\/unsa-nantesmetropole.org\/wp-content\/uploads\/2014\/11\/image1-150x150.jpg 150w, http:\/\/unsa-nantesmetropole.org\/wp-content\/uploads\/2014\/11\/image1.jpg 200w\" sizes=\"auto, (max-width: 150px) 100vw, 150px\" \/><\/a><\/figure><span style=\"color: #33cccc;\">Vos repr\u00e9sentants UNSA dans les instances de dialogue social mutualis\u00e9es<\/span><br><\/strong><\/h2>\n\n\n\n<p><\/p>\n\n\n\n<p><strong><span style=\"color: #993366;\">Comit\u00e9 Technique<\/span><\/strong><\/p>\n\n\n\n<p>Titulaires : Sophie Huneau et Alain Josse<br>Suppl\u00e9ants : Paulo Carvalho et Damien Brisseau<\/p>\n\n\n\n<p><span style=\"color: #33cccc;\"><span style=\"color: #993366;\"><strong>Comit\u00e9 Hygi\u00e8ne et S\u00e9curit\u00e9 et Conditions de Travail (CHSCT)<br><\/strong><\/span><\/span><\/p>\n\n\n\n<p><span class=\"Apple-style-span\">Titulaires : Alain Josse et Anita Martineau<br>Suppl\u00e9ants : Paulo Carvalho&nbsp;et Maryse Palis<br><\/span><\/p>\n\n\n\n<p><span style=\"color: #33cccc;\"><span style=\"color: #993366;\"><strong><span style=\"color: #993366;\">Commission Administrative Paritaire cat\u00e9gorie C<\/span><\/strong><\/span><br><\/span><\/p>\n\n\n\n<p>Titulaire : Denis Depoorter<br>Suppl\u00e9ant : Sophie Merceron<\/p>\n\n\n\n<p><span style=\"color: #33cccc;\"><span style=\"color: #993366;\"><strong>Commission Administrative Paritaire cat\u00e9gorie B<\/strong> <\/span><br><\/span><\/p>\n\n\n\n<p>Titulaires : Bruno Lef\u00e8vre et Chrystelle Boucard<br>Suppl\u00e9ants : Matthieu Br\u00e9mand et Maryse Palis<\/p>\n\n\n\n<p><span style=\"color: #33cccc;\"><span style=\"color: #993366;\"><strong>Commission Administrative Paritaire cat\u00e9gorie A<\/strong> <\/span><br><\/span><\/p>\n\n\n\n<p>Titulaires : Elvina Morini\u00e8re et St\u00e9phane Briand<br>Suppl\u00e9ants : Franck Olivier et Laurent Quiles<\/p>\n\n\n\n<p class=\"has-text-color\" style=\"color:#2b424c\"><span style=\"color: #993366;\"><strong>Commission consultative paritaire cat\u00e9gorie A<\/strong><\/span><\/p>\n\n\n\n<p>Titulaire: Emmanuel Gaudin  <br>Suppl\u00e9ante: Nathalie Lambert <\/p>\n\n\n\n<p class=\"has-text-color\" style=\"color:#ac2c57\"><strong>Commission interne \/ de r\u00e9forme cat\u00e9gorie A<\/strong><\/p>\n\n\n\n<p>Titulaire: Franck Olivier<br>Suppl\u00e9ants: St\u00e9phane Briand<\/p>\n\n\n\n<p><\/p>\n\n\n\n<p><\/p>\n\n\n\n<p><\/p>\n","protected":false},"excerpt":{"rendered":"<p>Vos repr\u00e9sentants UNSA dans les instances de dialogue social mutualis\u00e9es Comit\u00e9 Technique Titulaires : Sophie Huneau et Alain JosseSuppl\u00e9ants : Paulo Carvalho et Damien Brisseau Comit\u00e9 Hygi\u00e8ne et S\u00e9curit\u00e9 et Conditions de Travail (CHSCT) Titulaires : Alain Josse et Anita &hellip; <a href=\"http:\/\/unsa-nantesmetropole.org\/?page_id=58\">Continuer la lecture <span class=\"meta-nav\">&rarr;<\/span><\/a><\/p>\n","protected":false},"author":3,"featured_media":0,"parent":0,"menu_order":0,"comment_status":"closed","ping_status":"open","template":"","meta":{"h5ap_radio_sources":[],"footnotes":""},"class_list":["post-58","page","type-page","status-publish","hentry"],"_links":{"self":[{"href":"http:\/\/unsa-nantesmetropole.org\/index.php?rest_route=\/wp\/v2\/pages\/58","targetHints":{"allow":["GET"]}}],"collection":[{"href":"http:\/\/unsa-nantesmetropole.org\/index.php?rest_route=\/wp\/v2\/pages"}],"about":[{"href":"http:\/\/unsa-nantesmetropole.org\/index.php?rest_route=\/wp\/v2\/types\/page"}],"author":[{"embeddable":true,"href":"http:\/\/unsa-nantesmetropole.org\/index.php?rest_route=\/wp\/v2\/users\/3"}],"replies":[{"embeddable":true,"href":"http:\/\/unsa-nantesmetropole.org\/index.php?rest_route=%2Fwp%2Fv2%2Fcomments&post=58"}],"version-history":[{"count":29,"href":"http:\/\/unsa-nantesmetropole.org\/index.php?rest_route=\/wp\/v2\/pages\/58\/revisions"}],"predecessor-version":[{"id":8842,"href":"http:\/\/unsa-nantesmetropole.org\/index.php?rest_route=\/wp\/v2\/pages\/58\/revisions\/8842"}],"wp:attachment":[{"href":"http:\/\/unsa-nantesmetropole.org\/index.php?rest_route=%2Fwp%2Fv2%2Fmedia&parent=58"}],"curies":[{"name":"wp","href":"https:\/\/api.w.org\/{rel}","templated":true}]}}