{"id":28,"date":"2014-10-15T08:33:43","date_gmt":"2014-10-15T07:33:43","guid":{"rendered":"http:\/\/www.unsa-nantesmetropole.org\/?page_id=28"},"modified":"2014-11-30T19:10:47","modified_gmt":"2014-11-30T18:10:47","slug":"actualites-cos","status":"publish","type":"page","link":"http:\/\/unsa-nantesmetropole.org\/?page_id=28","title":{"rendered":"Actualit\u00e9s COS"},"content":{"rendered":"<h2><strong><a href=\"http:\/\/www.unsa-nantesmetropole.org\/wp-content\/uploads\/2014\/10\/Logo-campagne.jpg\"><img loading=\"lazy\" decoding=\"async\" class=\"alignleft wp-image-114 size-thumbnail\" src=\"http:\/\/www.unsa-nantesmetropole.org\/wp-content\/uploads\/2014\/10\/Logo-campagne-150x150.jpg\" alt=\"Logo de la campagne COS Unsa 2008\" width=\"150\" height=\"150\" \/><\/a><span style=\"color: #008000;\">Bref\u00a0relev\u00e9 de d\u00e9cisions du\u00a0Conseil d&rsquo;Administration du COS<br \/>\ndu\u00a0vendredi 28 novembre\u00a02014.<\/span><\/strong><\/h2>\n<p><span style=\"color: #993300;\"><strong>Le COS de Nantes s&rsquo;est dot\u00e9 de nouveaux statuts et d&rsquo;un nouveau r\u00e8glement int\u00e9rieur.<\/strong><\/span><\/p>\n<p>Comme elle s&rsquo;y \u00e9tait engag\u00e9e, l&rsquo;Unsa a\u00a0propos\u00e9 que les \u00e9lus, titulaires d&rsquo;un mandat dans un organisme avec lequel le COS a une relation conventionnelle, en fassent la d\u00e9claration aupr\u00e8s du Conseil d&rsquo;administration. Cette disposition a \u00e9t\u00e9 int\u00e9gr\u00e9e aux statuts et vot\u00e9e \u00e0 une large majorit\u00e9 (deux absentions de la CGT seulement).<br \/>\nChaque ann\u00e9e, les \u00e9lus concern\u00e9s sont donc tenus d&rsquo;en informer le CA.<\/p>\n<p>Au vue des discussions nourries lors de ce CA, l&rsquo;Unsa s&rsquo;inqui\u00e8te d&rsquo;un possible resserrement de la r\u00e9partition\u00a0des postes dits \u00ab\u00a0\u00e0 responsabilit\u00e9\u00a0\u00bb : Pr\u00e9sident, Vice-Pr\u00e9sident, Tr\u00e9sorier et Tr\u00e9sorier Adjoint. Aujourd&rsquo;hui, ces quatre postes sont attribu\u00e9s aux quatre premi\u00e8res organisations syndicales. Quand on connait les \u00ab\u00a0dysfonctionnements\u00a0\u00bb relev\u00e9s\u00a0dans\u00a0certains comit\u00e9s d&rsquo;entreprise, l&rsquo;Unsa consid\u00e8re que\u00a0cette pluralit\u00e9\u00a0est un gage de\u00a0s\u00e9curit\u00e9. Mais la CGT (1\u00e8re) et la CFDT (3e) semblent vouloir que les postes de Pr\u00e9sident et Vice-Pr\u00e9sident soit attribu\u00e9s aux repr\u00e9sentants d&rsquo;une seule\u00a0organisation syndicale.<br \/>\nVoil\u00e0 qui promet des d\u00e9bats, tant en commission statuts qu&rsquo;en CA, anim\u00e9s !<\/p>\n<p><span style=\"color: #993300;\"><strong>En 2015, le COS aura 60 ans !<\/strong><\/span><\/p>\n<p>Mais selon les discussions de la commission festivit\u00e9s, cet anniversaire ne pourrait \u00eatre f\u00eat\u00e9\u00a0qu&rsquo;en&#8230; 2016 !<br \/>\nUne ligne budg\u00e9taire de 60 000 \u20ac a \u00e9t\u00e9 vot\u00e9e \u00e0 cet effet.<br \/>\nCertains membres de la commission souhaiteraient s&rsquo;orienter vers\u00a0trois \u00e9v\u00e8nements, r\u00e9partis sur deux jours de la mani\u00e8re suivante : 1\/3 de spectacle, 1\/3 d&rsquo;animation, 1\/3 de showroom (sic) pour\u00a0rappeler l&rsquo;historique du COS, et r\u00e9fl\u00e9chir \u00e0 son avenir avec les coll\u00e8gues.<br \/>\nMais, en d\u00e9finitive, \u00e0 combien d&rsquo;ouvrants-droit ces actions vont-elles s&rsquo;adresser ? Rappelons qu&rsquo;ils sont\u00a0tout de m\u00eame 12 000 \u00e0 \u00eatre\u00a0concern\u00e9s (sans parler des ayants-droit) !<br \/>\nL&rsquo;Unsa s&rsquo;engage \u00e0 travailler\u00a0\u00e0 ce que le plus grand nombre soit touch\u00e9\u00a0par l&rsquo;\u00e9v\u00e8nement.<\/p>\n<p>11\/2014<\/p>\n","protected":false},"excerpt":{"rendered":"<p>Bref\u00a0relev\u00e9 de d\u00e9cisions du\u00a0Conseil d&rsquo;Administration du COS du\u00a0vendredi 28 novembre\u00a02014. Le COS de Nantes s&rsquo;est dot\u00e9 de nouveaux statuts et d&rsquo;un nouveau r\u00e8glement int\u00e9rieur. Comme elle s&rsquo;y \u00e9tait engag\u00e9e, l&rsquo;Unsa a\u00a0propos\u00e9 que les \u00e9lus, titulaires d&rsquo;un mandat dans un organisme &hellip; <a href=\"http:\/\/unsa-nantesmetropole.org\/?page_id=28\">Continuer la lecture <span class=\"meta-nav\">&rarr;<\/span><\/a><\/p>\n","protected":false},"author":3,"featured_media":0,"parent":0,"menu_order":0,"comment_status":"closed","ping_status":"open","template":"","meta":{"h5ap_radio_sources":[],"footnotes":""},"class_list":["post-28","page","type-page","status-publish","hentry"],"_links":{"self":[{"href":"http:\/\/unsa-nantesmetropole.org\/index.php?rest_route=\/wp\/v2\/pages\/28","targetHints":{"allow":["GET"]}}],"collection":[{"href":"http:\/\/unsa-nantesmetropole.org\/index.php?rest_route=\/wp\/v2\/pages"}],"about":[{"href":"http:\/\/unsa-nantesmetropole.org\/index.php?rest_route=\/wp\/v2\/types\/page"}],"author":[{"embeddable":true,"href":"http:\/\/unsa-nantesmetropole.org\/index.php?rest_route=\/wp\/v2\/users\/3"}],"replies":[{"embeddable":true,"href":"http:\/\/unsa-nantesmetropole.org\/index.php?rest_route=%2Fwp%2Fv2%2Fcomments&post=28"}],"version-history":[{"count":7,"href":"http:\/\/unsa-nantesmetropole.org\/index.php?rest_route=\/wp\/v2\/pages\/28\/revisions"}],"predecessor-version":[{"id":305,"href":"http:\/\/unsa-nantesmetropole.org\/index.php?rest_route=\/wp\/v2\/pages\/28\/revisions\/305"}],"wp:attachment":[{"href":"http:\/\/unsa-nantesmetropole.org\/index.php?rest_route=%2Fwp%2Fv2%2Fmedia&parent=28"}],"curies":[{"name":"wp","href":"https:\/\/api.w.org\/{rel}","templated":true}]}}